{"id":33054,"date":"2017-12-14T17:33:06","date_gmt":"2017-12-14T10:33:06","guid":{"rendered":"https:\/\/football-tribe.com\/vietnam\/?page_id=33054"},"modified":"2017-12-14T17:33:06","modified_gmt":"2017-12-14T10:33:06","slug":"ronaldo-tiep-tuc-lap-ky-luc-moi","status":"publish","type":"page","link":"https:\/\/football-tribe.com\/vietnam\/ronaldo-tiep-tuc-lap-ky-luc-moi\/","title":{"rendered":"V\u00f4 \u0111\u1ecbch Club World Cup, Ronaldo ti\u1ebfp t\u1ee5c l\u1eadp k\u1ef7 l\u1ee5c m\u1edbi"},"content":{"rendered":"<h2><span style=\"font-size: 12pt;\">Cristiano Ronaldo \u0111i v\u00e0o l\u1ecbch s\u1eed FIFA World Cup Club v\u1edbi v\u1edbi t\u01b0 c\u00e1ch c\u1ea7u th\u1ee7 n\u1eafm gi\u1eef nhi\u1ec1u b\u00e0n th\u1eafng gi\u1ea3i \u0111\u1ea5u n\u00e0y sau chi\u1ebfn th\u1eafng 2-1 tr\u01b0\u1edbc Al Jazira.<\/span><\/h2>\n<p>C\u1ee5 th\u1ec3, v\u1edbi s\u00e1u b\u00e0n th\u1eafng c\u00f3 \u0111\u01b0\u1ee3c, ti\u1ec1n \u0111\u1ea1o ng\u01b0\u1eddi B\u1ed3 \u0110\u00e0o Nha \u0111\u00e3 tr\u1edf th\u00e0nh c\u1ea7u th\u1ee7 ghi nhi\u1ec1u b\u00e0n th\u1eafng nh\u1ea5t trong l\u1ecbch s\u1eed FIFA <a href=\"https:\/\/football-tribe.com\/vietnam\/2017\/12\/14\/club-world-cup-gareth-bale-dua-real-madrid-vao-chung-ket\/\">Club World Cup<\/a>. Th\u00e0nh t\u00edch tr\u00ean \u0111\u01b0\u1ee3c s\u1ed1 B\u1ea3y c\u1ee7a Real thi\u1ebft l\u1eadp sau b\u1ed1n k\u1ef3 tham d\u1ef1 gi\u1ea3i \u0111\u1ea5u n\u00e0y.<\/p>\n<p>\u0110\u00e2y c\u0169ng l\u00e0 k\u1ef7 l\u1ee5c th\u1ee9 t\u01b0 trong v\u00f2ng m\u1ed9t tu\u1ea7n c\u1ee7a Ronaldo. Th\u1ee9 N\u0103m tu\u1ea7n tr\u01b0\u1edbc, v\u1edbi vi\u1ec7c ghi b\u00e0n v\u00e0o l\u01b0\u1edbi Dortmund, Ronaldo tr\u1edf th\u00e0nh c\u1ea7u th\u1ee7 \u0111\u1ea7u ti\u00ean ghi b\u00e0n trong t\u1ea5t c\u1ea3 c\u00e1c tr\u1eadn \u0111\u1ea5u \u1edf v\u00f2ng b\u1ea3ng Champions League. M\u1ed9t ng\u00e0y sau, Ronaldo c\u00e2n b\u1eb1ng k\u1ef7 l\u1ee5c Qu\u1ea3 b\u00f3ng v\u00e0ng c\u1ee7a Messi. V\u00e0 t\u1edbi cu\u1ed1i tu\u1ea7n qua, \u201csi\u00eau sao\u201d ng\u01b0\u1eddi B\u1ed3 \u0110\u00e0o Nha ti\u1ebfp t\u1ee5c l\u1eadp th\u00eam k\u1ef7 l\u1ee5c m\u1edbi, khi tr\u1edf th\u00e0nh c\u1ea7u th\u1ee7 ghi b\u00e0n nhi\u1ec1u nh\u1ea5t v\u00e0o l\u01b0\u1edbi m\u1ed9t CLB \u1edf La Liga (Sevilla, 25 b\u00e0n).<\/p>\n<p>Tr\u01b0\u1edbc khi b\u01b0\u1edbc v\u00e0o gi\u1ea3i \u0111\u1ea5u n\u0103m nay, Ronaldo s\u1edf h\u1eefu n\u0103m b\u00e0n th\u1eafng, c\u00f9ng th\u00e0nh t\u00edch v\u1edbi ba c\u1ea7u th\u1ee7 kh\u00e1c l\u00e0 Messi, Luis Suarez v\u00e0 Cesar Delgado.<\/p>\n<p>N\u1ebfu t\u00ednh ti\u1ec1n th\u00e2n c\u1ee7a FIFA Club World Cup \u2013 C\u00fap Li\u00ean L\u1ee5c \u0110\u1ecba c\u1ea5p CLB, Pele l\u00e0 ng\u01b0\u1eddi n\u1eafm gi\u1eef k\u1ef7 l\u1ee5c n\u00e0y v\u1edbi b\u1ea3y b\u00e0n th\u1eafng sau ba tr\u1eadn cho Santos n\u0103m 1962 v\u00e0 1963. C\u1ea7u th\u1ee7 ng\u01b0\u1eddi Colombia, Alberto Spencer &#8211; c\u1ef1u ti\u1ec1n \u0111\u1ea1o t\u1eebng ch\u01a1i cho Barcelona s\u1edf h\u1eefu s\u00e1u b\u00e0n th\u1eafng sau kho\u1ea3ng th\u1eddi gian tham gia gi\u1ea3i \u0111\u1ea5u n\u00e0y t\u1eeb 1960 t\u1edbi 1966.<\/p>\n","protected":false},"excerpt":{"rendered":"<p>Cristiano Ronaldo \u0111i v\u00e0o l\u1ecbch s\u1eed FIFA World Cup Club v\u1edbi v\u1edbi t\u01b0 c\u00e1ch c\u1ea7u th\u1ee7 n\u1eafm gi\u1eef nhi\u1ec1u b\u00e0n th\u1eafng gi\u1ea3i \u0111\u1ea5u n\u00e0y sau chi\u1ebfn th\u1eafng 2-1 tr\u01b0\u1edbc Al Jazira. C\u1ee5 th\u1ec3, v\u1edbi s\u00e1u b\u00e0n th\u1eafng c\u00f3 \u0111\u01b0\u1ee3c, ti\u1ec1n \u0111\u1ea1o ng\u01b0\u1eddi B\u1ed3 \u0110\u00e0o Nha \u0111\u00e3 tr\u1edf th\u00e0nh c\u1ea7u th\u1ee7 ghi nhi\u1ec1u b\u00e0n th\u1eafng nh\u1ea5t trong l\u1ecbch s\u1eed FIFA Club World Cup. Th\u00e0nh t\u00edch tr\u00ean \u0111\u01b0\u1ee3c s\u1ed1 B\u1ea3y c\u1ee7a Real thi\u1ebft l\u1eadp sau b\u1ed1n k\u1ef3 tham d\u1ef1 gi\u1ea3i \u0111\u1ea5u n\u00e0y. \u0110\u00e2y c\u0169ng l\u00e0 k\u1ef7 l\u1ee5c th\u1ee9 t\u01b0 trong v\u00f2ng m\u1ed9t tu\u1ea7n c\u1ee7a Ronaldo. Th\u1ee9 N\u0103m tu\u1ea7n tr\u01b0\u1edbc, v\u1edbi vi\u1ec7c ghi b\u00e0n v\u00e0o l\u01b0\u1edbi Dortmund, Ronaldo tr\u1edf th\u00e0nh c\u1ea7u th\u1ee7 \u0111\u1ea7u &hellip; <a href=\"https:\/\/football-tribe.com\/vietnam\/ronaldo-tiep-tuc-lap-ky-luc-moi\/\" class=\"tribe-more-link\">Continue reading &#8220;V\u00f4 \u0111\u1ecbch Club World Cup, Ronaldo ti\u1ebfp t\u1ee5c l\u1eadp k\u1ef7 l\u1ee5c m\u1edbi&#8221;<\/a><\/p>\n","protected":false},"author":10,"featured_media":33055,"parent":0,"menu_order":0,"comment_status":"closed","ping_status":"closed","template":"","meta":{"footnotes":""},"_links":{"self":[{"href":"https:\/\/football-tribe.com\/vietnam\/wp-json\/wp\/v2\/pages\/33054"}],"collection":[{"href":"https:\/\/football-tribe.com\/vietnam\/wp-json\/wp\/v2\/pages"}],"about":[{"href":"https:\/\/football-tribe.com\/vietnam\/wp-json\/wp\/v2\/types\/page"}],"author":[{"embeddable":true,"href":"https:\/\/football-tribe.com\/vietnam\/wp-json\/wp\/v2\/users\/10"}],"replies":[{"embeddable":true,"href":"https:\/\/football-tribe.com\/vietnam\/wp-json\/wp\/v2\/comments?post=33054"}],"version-history":[{"count":0,"href":"https:\/\/football-tribe.com\/vietnam\/wp-json\/wp\/v2\/pages\/33054\/revisions"}],"wp:featuredmedia":[{"embeddable":true,"href":"https:\/\/football-tribe.com\/vietnam\/wp-json\/wp\/v2\/media\/33055"}],"wp:attachment":[{"href":"https:\/\/football-tribe.com\/vietnam\/wp-json\/wp\/v2\/media?parent=33054"}],"curies":[{"name":"wp","href":"https:\/\/api.w.org\/{rel}","templated":true}]}}